5, 17, 443, 701
What are the prime factors of 780852783?
3, 23, 47, 109
List the prime factors of 1386964808.
2, 61, 409, 6949
List the prime factors of 127115003.
127115003
List the prime factors of 5244028390.
2, 5, 524402839
List the prime factors of 91694208.
2, 3, 89, 2683
List the prime factors of 1102406909.
7103, 155203
List the prime factors of 2131486888.
2, 61, 4367801
What are the prime factors of 325047594?
2, 3, 54174599
List the prime factors of 114126319.
607, 188017
List the prime factors of 940231230.
2, 3, 5, 31341041
What are the prime factors of 192311274?
2, 3, 19, 37, 127, 359
List the prime factors of 508820667.
3, 169606889
List the prime factors of 434373576.
2, 3, 7, 13, 59, 3371
List the prime factors of 310203185.
5, 23, 2697419
What are the prime factors of 9592404?
2, 3, 659, 1213
What are the prime factors of 269346828?
2, 3, 37, 653, 929
List the prime factors of 5826971667.
3, 11, 43, 4106393
What are the prime factors of 87841645?
5, 17568329
List the prime factors of 201438762.
2, 3, 7, 149, 32189
What are the prime factors of 124582227?
3, 7, 11, 379, 1423
List the prime factors of 128227072.
2, 500887
List the prime factors of 24956342.
2, 47, 265493
List the prime factors of 501681763.
11, 45607433
What are the prime factors of 83589342?
2, 3, 13931557
What are the prime factors of 97393789?
109, 893521
List the prime factors of 152403448.
2, 181, 105251
What are the prime factors of 230426223?
3, 569, 134989
List the prime factors of 99186464.
2, 13, 151, 1579
What are the prime factors of 474502503?
3, 158167501
List the prime factors of 2621576015.
5, 19, 27595537
What are the prime factors of 878540184?
2, 3, 941, 12967
What are the prime factors of 68697098?
2, 34348549
What are the prime factors of 1722247246?
2, 861123623
What are the prime factors of 147108533?
11, 13, 41, 2281
What are the prime factors of 46139497?
46139497
List the prime factors of 86403447.
3, 13, 56807
What are the prime factors of 500879225?
5, 7, 11, 37171
List the prime factors of 7061785489.
11, 641980499
What are the prime factors of 1695809261?
19, 89253119
List the prime factors of 36987823.
36987823
List the prime factors of 118960662.
2, 3, 17, 137, 8513
What are the prime factors of 348921856?
2, 191, 223
What are the prime factors of 32817900?
2, 3, 5, 139, 787
List the prime factors of 298202900.
2, 5, 941, 3169
List the prime factors of 7111131421.
23, 309179627
List the prime factors of 125982529.
17, 7410737
List the prime factors of 1339880710.
2, 5, 7, 3491, 5483
List the prime factors of 44105481.
3, 7, 700087
What are the prime factors of 22527607?
31, 726697
What are the prime factors of 902192552?
2, 29, 3888761
What are the prime factors of 1997760283?
83, 1559, 15439
What are the prime factors of 2132696615?
5, 7, 31, 1965619
What are the prime factors of 395110271?
395110271
List the prime factors of 363509522.
2, 197, 922613
What are the prime factors of 56219847?
3, 18739949
What are the prime factors of 307585949?
11, 27962359
What are the prime factors of 768367713?
3, 3271, 78301
List the prime factors of 697099302.
2, 3, 41, 944579
What are the prime factors of 24761776?
2, 13, 119047
List the prime factors of 730910245.
5, 13, 11244773
List the prime factors of 56764829.
11, 5160439
List the prime factors of 7080672.
2, 3, 73757
List the prime factors of 68653277.
7, 11, 891601
What are the prime factors of 10486513?
113, 92801
List the prime factors of 3120571700.
2, 5, 31205717
List the prime factors of 415729344.
2, 3, 31, 69847
What are the prime factors of 1053557491?
7, 43, 1151, 3041
List the prime factors of 42534633.
3, 3329, 4259
List the prime factors of 1697927829.
3, 13, 43536611
List the prime factors of 1665449445.
3, 5, 11, 229, 4007
What are the prime factors of 83895695?
5, 13, 29, 44507
What are the prime factors of 102526762?
2, 13, 17, 231961
List the prime factors of 1696879.
1696879
What are the prime factors of 69408800?
2, 5, 53, 1637
List the prime factors of 50787919.
7, 13, 558109
List the prime factors of 1056242824.
2, 7, 13, 207269
List the prime factors of 137164156.
2, 107, 320477
What are the prime factors of 791896456?
2, 13, 751, 10139
List the prime factors of 1238995178.
2, 13033, 47533
List the prime factors of 88573192.
2, 29, 47, 8123
What are the prime factors of 929509685?
5, 13, 431, 33179
What are the prime factors of 2414671529?
47353, 50993
List the prime factors of 1508868313.
4357, 346309
List the prime factors of 1226420908.
2, 139, 2205793
List the prime factors of 343630336.
2, 7, 13697
What are the prime factors of 2162007488?
2, 617, 54751
What are the prime factors of 647113590?
2, 3, 5, 19, 126143
What are the prime factors of 288053684?
2, 2357, 30553
What are the prime factors of 351839257?
7, 11, 23, 101, 281
What are the prime factors of 42525523?
3217, 13219
What are the prime factors of 1293008452?
2, 43, 7517491
List the prime factors of 11778156.
2, 3, 13, 8389
List the prime factors of 156712229.
156712229
List the prime factors of 465431867.
73, 769, 8291
What are the prime factors of 84344056?
2, 31, 239, 1423
List the prime factors of 290530204.
2, 17, 23, 431
List the prime factors of 542009929.
17, 37, 861701
List the prime factors of 3308592667.
3308592667
List the prime factors of 506866403.
13033, 38891
What are the prime factors of 276801484?
2, 69200371
List the prime factors of 91897739.
313, 293603
List the prime factors of 110256349.
7, 15750907
What are the prime factors of 969663806?
2, 137, 3538919
List the prime factors of 109395541.
109395541
What are the prime factors of 99698320?
2, 5, 19, 107, 613
List the prime factors of 4200821845.
5, 11, 76378579
What are the prime factors of 2306475857?
7, 23, 31, 521, 887
What are the prime factors of 40805664?
2, 3, 425059
What are the prime factors of 52456064?
2, 409813
What are the prime factors of 64956022?
2, 19, 197, 8677
List the prime factors of 278648859.
3, 92882953
List the prime factors of 78095015.
5, 179, 87257
What are the prime factors of 2055640295?
5, 23, 17875133
What are the prime factors of 1824931345?
5, 364986269
List the prime factors of 1478058181.
1583, 933707
List the prime factors of 39970547.
19, 2103713
List the prime factors of 610901985.
3, 5, 40726799
What are the prime factors of 11628326?
2, 79, 73597
What are the prime factors of 419485868?
2, 23, 4559629
List the prime factors of 971172418.
2, 485586209
What are the prime factors of 531498005?
5, 5081, 20921
What are the prime factors of 53400978?
2, 3, 17, 58171
List the prime factors of 785861241.
3, 11, 37, 58511
List the prime factors of 6632658.
2, 3, 122827
What are the prime factors of 1725384853?
181, 9532513
What are the prime factors of 635454708?
2, 3, 7, 191, 39607
List the prime factors of 48964653.
3, 19, 37, 71, 109
List the prime factors of 14704258.
2, 7352129
List the prime factors of 72458934.
2, 3, 12076489
What are the prime factors of 890606451?
3, 7, 191, 222041
What are the prime factors of 17777249?
7, 362801
What are the prime factors of 41482211?
2557, 16223
What are the prime factors of 576854593?
7, 971, 84869
List the prime factors of 232437210.
2, 3, 5, 7747907
List the prime factors of 94038142.
2, 11, 4274461
What are the prime factors of 225252747?
3, 173, 144671
What are the prime factors of 189059568?
2, 3, 47, 181, 463
What are the prime factors of 49504069?
1543, 32083
What are the prime factors of 159703061?
7, 193, 118211
What are the prime factors of 198424336?
2, 11, 1127411
List the prime factors of 218276359.
7, 29, 179, 6007
List the prime factors of 574079938.
2, 37, 211, 36767
What are the prime factors of 1573693114?
2, 7, 31, 79, 83
What are the prime factors of 45526880?
2, 5, 7, 5807
What are the prime factors of 2019252406?
2, 53, 569, 33479
What are the prime factors of 817877112?
2, 3, 13, 139, 18859
List the prime factors of 1563010775.
5, 19, 3290549
List the prime factors of 369308843.
71, 5201533
List the prime factors of 424608887.
199, 2133713
What are the prime factors of 354807083?
19, 29, 73, 8821
List the prime factors of 1311082242.
2, 3, 353, 619019
List the prime factors of 34134200.
2, 5, 103, 1657
List the prime